What is the highest common divisor of d and 32?
4
Suppose 4*z + 2418 - 6030 = 0. What is the highest common divisor of z and 63?
21
Suppose k - 14 = 4*l, -3*l - 3*k + k = 5. Let a = 25 - l. Calculate the greatest common divisor of 35 and a.
7
Let t(l) = -l**3 + 9*l**2 + 40*l - 250. Let m be t(10). What is the highest common divisor of 4350 and m?
50
Let m = -3572 + 3798. Calculate the greatest common factor of 4 and m.
2
Suppose 206 = -3*t + c + 927, -4*c = 4*t - 956. What is the highest common divisor of 80 and t?
80
Let d be 2/2 + 289*2. Let s = 3847 + -3842. Suppose 0*i + 4*m - 972 = -s*i, m = -3*i + d. What is the highest common factor of i and 24?
24
Let l = 511 + -335. Let c(w) = w**2 + 17*w - 6. Let t be c(-19). Calculate the highest common factor of t and l.
16
Suppose 2*s - 19 + 23 = i, 5*i + 3*s - 98 = 0. Suppose 8*b = 4*b + 40. Calculate the greatest common factor of i and b.
2
Let x be -2 + (-3 - -9) + -4*1. Suppose x = -3*u + 5*u - 336. Suppose -5*r + u = 4*z, 0 = 2*r - r - 4*z - 48. Calculate the highest common divisor of r and 18.
18
Suppose 6*n - 256 = 2*g - 4*g, 2*g - 130 = -3*n. Let w be 2772/220*5/3*2. What is the greatest common factor of w and n?
42
Suppose 2*m = 26 + 6. Suppose m*d - 765 = d. Calculate the highest common divisor of d and 68.
17
Let o = -49 + 44. Let t be 108/5*o/(-2). What is the highest common divisor of 72 and t?
18
Let b = -8974 + 8995. Calculate the greatest common divisor of b and 201.
3
Suppose 0 = -y + 4*h + 8, -y - 5*h = -0*y + 1. Suppose -2*o + y*o = 54. Let c = -267 - -294. What is the greatest common divisor of o and c?
27
Let k be -7 - (9/(-27))/((-18)/(-199314)). Calculate the greatest common factor of 156 and k.
12
Let l be -4 + 1 + -55 + 63. Suppose -l*s - 2*t + 167 = 0, -2*s - t - 98 = -5*s. Calculate the greatest common divisor of 22 and s.
11
Let x(d) = -3*d**2 - 27*d - 4. Let c be x(-10). Let y be 1105/c*8/(-10). Calculate the highest common divisor of y and 26.
26
Let f = 99 + -92. Suppose 0 = 19*q - f*q - 48. Suppose 0 = 2*l + a - 2*a - 31, 0 = -4*a - q. What is the highest common factor of 10 and l?
5
Let w(x) = -15*x - 10*x - 8*x + 88 + 30*x. Let i be w(-14). What is the highest common divisor of 13 and i?
13
Suppose 0*y = -5*y + 2*p + 25, -5*p - 13 = 4*y. Suppose 25*j = 17*j - 360. Let s = j + 46. What is the greatest common divisor of s and y?
1
Suppose -2*s = -5*n + 607 + 57, 4*s = 12. What is the highest common factor of n and 58826?
134
Suppose -3*s - 2*y = 2*s - 39, 4*y - 36 = -4*s. Let h = -2028 - -2091. Calculate the greatest common factor of s and h.
7
Suppose 17*y - 3*b = 6180 + 15716, 2*y + b - 2576 = 0. What is the highest common factor of 3703 and y?
161
Suppose 6*n - 255 = -9*n. Let f be n/17 - (-5 - 1). Suppose -v - 150 = -f*v. Calculate the greatest common factor of v and 25.
25
Let j = -1304 + 1319. Let b = -6 + 9. Calculate the highest common divisor of b and j.
3
Suppose 496*o - 490644 = -35*o. What is the highest common divisor of o and 420?
84
Let i = 3675 + -3665. What is the greatest common factor of i and 8?
2
Let w = 6766 - 6675. What is the greatest common divisor of w and 533?
13
Let y = 20 - 11. Let a be ((-30)/90)/((-1)/279). Suppose 0 = -3*q - 6, -160 = -3*w + 5*q + a. Calculate the highest common divisor of y and w.
9
Let o = 64031 - 45637. What is the greatest common divisor of 34 and o?
34
Let s = 184888 - 184860. Let q be -7 - (0 + 2 + 0). Let b be -1*(q - 2*-1). Calculate the highest common divisor of s and b.
7
Let h be 1/((18/(-63))/(-2)). Let b be 750/6 + (21/h - 8). What is the highest common divisor of b and 45?
15
Let p(t) = 1283*t + 11400. Let l be p(-8). What is the greatest common divisor of l and 710?
142
Let l(u) = u**2 + 8*u - 31. Let n be l(-15). What is the highest common factor of 4847 and n?
37
Suppose -1403 = -2*h - k, 3*h + 3*k - 2087 = -2*k. Let u = h + -642. Calculate the highest common divisor of 4 and u.
2
Suppose 196*l - 694*l = 290430 - 4253016. Calculate the highest common divisor of l and 218.
109
Let q be 3/(-18)*1 - (-435)/18. Let h = -528 + 560. Calculate the greatest common divisor of h and q.
8
Let j = -356 - -377. Let f(g) = -2*g**2 + 60*g + 30. Let n be f(j). Calculate the greatest common divisor of n and 24.
24
Let f(w) = -9*w**2 - 69*w - 3. Let k be f(-1). Let z be 13/5 + 3/(-5). What is the highest common factor of z and k?
1
Suppose -3*y + 89 = 4*g - 22, g + 74 = 2*y. Calculate the highest common factor of 7141 and y.
37
Let k(w) = -13*w - 8. Let d be k(-6). Let h(c) = 29*c + 259. Let f be h(-6). Let y = 113 - f. Calculate the greatest common divisor of y and d.
14
Suppose -4308 = 5*g - 29*g + 444. Calculate the greatest common divisor of 387 and g.
9
Let i be 115*8*(-2)/(-40)*105. Calculate the highest common factor of i and 280.
70
Let t be 160/(-12)*195/(-104). Calculate the highest common factor of t and 1975.
25
Let x(b) be the second derivative of b**4/6 + 31*b**3/6 + 34*b**2 + 180*b. Let m be x(-20). What is the highest common factor of 8 and m?
8
Let l(w) = -14*w**3 + 5*w**2 + 6*w - 12. Let o be l(-4). Calculate the greatest common factor of o and 10.
10
Suppose g + 2*g = 81. Let a(z) = -z**2 + 15*z - 49. Let k be a(7). Suppose -s = -k - 20. Calculate the highest common factor of s and g.
27
Let o = -73 + 79. Suppose -o*l + 2034 = -1398. What is the greatest common factor of l and 52?
52
Let k = -3551 + 3591. Suppose 5*p + 2*x - 827 = 1779, 0 = -p + 3*x + 511. Calculate the highest common factor of k and p.
40
Suppose 7*m - 306 = m. Let x(t) = 95*t**2 - 4*t. Let b be x(-3). Calculate the greatest common factor of m and b.
51
Let v be (-8454 + -230)/(2*(-2)/4). Calculate the highest common factor of v and 52.
52
Let g(u) = 3*u**2. Let y be g(-1). Let r be (-11 + (-54)/(-5))/((-2)/70). Calculate the highest common divisor of y and r.
1
Let y(m) = m**3 + 2*m**2 - m + 2. Suppose -2*q = -3*d - 2, -12 = d + q - 3. Let s be y(d). Let h = s + 30. What is the highest common factor of 44 and h?
4
Let h(t) = -t**2 - 28*t + 33. Let d be h(-29). Suppose -241 + 58 = -d*l + 3*u, -u + 3 = 0. Calculate the greatest common factor of 216 and l.
24
Let z be (-2 - 4/(-2))/(-2). Let r = -626 + 822. Suppose z = -3*p + 7*p - r. Calculate the greatest common factor of p and 7.
7
Let k = 80 - 77. Suppose 0 = -k*c + 4*i + 30 + 8, 4*i = -c - 14. Suppose -4*r - 80 = -c*r. What is the greatest common divisor of r and 10?
10
Suppose -93*k + 22320 = -63*k. Calculate the highest common divisor of k and 36.
12
Let b(x) = x**3 - 15*x**2 + 27*x - 5. Let r be b(13). Suppose -r*j + 57 + 143 = 0. Calculate the highest common factor of 25 and j.
25
Suppose 928*m - 2784 = 841*m. What is the highest common factor of 4168 and m?
8
Suppose 69 + 2 = u - 3*q, 257 = 4*u - 3*q. What is the greatest common factor of u and 713?
31
Let d be ((5 - 0) + -2)*6/(-9). Let v(w) = 9*w**2 + 6*w + 12. Let z be v(d). Calculate the greatest common factor of z and 684.
36
Let f be (4/(-8))/(111/56 + -2). What is the greatest common divisor of f and 1162?
14
Let l(q) = -q**2 + 6. Let r be l(0). Suppose r*t - 3*h = 2*t - 25, 5*t + 40 = 2*h. Let v be -2*(-13)/10 - 4/t. What is the highest common divisor of 3 and v?
3
Suppose -113*l - 1313 = -3098 - 2735. Calculate the greatest common factor of 205 and l.
5
Let g = 282 - -103. Suppose 9 = -4*v + v, 0 = 5*u + 5*v - g. What is the greatest common factor of u and 48?
16
Let f = -21396 + 24556. Calculate the highest common factor of f and 240.
40
Let l be (1 - 37)*10/(-6). Let o = -227 + 241. Suppose o*u + 9*u = 920. Calculate the highest common factor of l and u.
20
Let y = 181 + -175. Let b be ((-10)/(-8))/(-7 + 141/20). Let k = b + -7. Calculate the highest common factor of y and k.
6
Let k = -32 - -30. Let m be (-178)/(-18) + -2 - k/18. What is the greatest common divisor of m and 100?
4
Let a(i) = i**3 + 21*i**2 - 20*i - 796. Let f be a(-20). What is the greatest common divisor of 241 and f?
1
Let r = 190 - 186. Suppose 4*c + 244 = r*k, -8*c = -k - 3*c + 45. Calculate the highest common factor of k and 26.
13
Let y(f) be the second derivative of -f**4/12 - 15*f**3/2 + 85*f**2/2 + 98*f. Let d be y(-46). What is the highest common factor of 3 and d?
3
Let j(y) = 13*y**2 - 10*y + 18. Let m be j(2). Let w = -21 + m. C